-u**2 + 4*u - 2. Calculate f(h).
-14
Let m(u) be the third derivative of u**5/60 - u**4/12 - 5*u**3/2 - 1475*u**2. Determine m(0).
-15
Let d(a) = 357*a**2 - 1 - 231*a**3 + 3*a + 458*a**3 - 355*a**2 - 223*a**3. Calculate d(-1).
-6
Let q(g) = 107*g - 9. Let u(r) = 2*r - 6. Let a(n) = -q(n) + u(n). Calculate a(1).
-102
Let b(y) = -5*y**2 + 60*y - 253. Let s(m) = -9*m**2 + 117*m - 503. Let k(t) = -5*b(t) + 3*s(t). Determine k(19).
3
Let w(r) be the first derivative of -8*r**2 - 61*r + 2099. Determine w(-5).
19
Let w(f) = -17*f - 8. Let q(d) = -8*d - 3. Let u(y) = -5*q(y) + 2*w(y). Suppose 5*o - s = 18, 2*o - 3*s = -3*o + 24. Calculate u(o).
17
Let s = 14957 - 14957. Let v(o) = -4*o + 36. Calculate v(s).
36
Let h = -13584 - -54337/4. Let o(a) be the first derivative of -2*a - 32 + 0*a**2 + h*a**4 + 0*a**3. What is o(2)?
6
Let t(d) = -d**2 - 7*d + 2. Let q be t(-6). Suppose g = -q*g + 54. Let s(i) = 2*i**2 - 7 - i**2 - 5*i + 0*i**2. Give s(g).
-1
Let z(o) = 9*o - 33. Let g be z(-4). Let x = g + 79. Let d(y) = y**2 - 10*y + 3. Calculate d(x).
3
Let g = 440 + 335. Let i(v) = -782*v + 2 - 3 + g*v. Determine i(-3).
20
Let p(t) = -5*t + 7. Let h(w) = w**2 - w - 104. Let f(a) = -h(a) - 2*p(a). Calculate f(17).
-12
Let f(w) = 3*w + 34. Let u = 4479 + -4491. Calculate f(u).
-2
Let m(n) = -n**3 + 2*n**2 - 1. Let i(d) = 57*d - 58. Let y be i(1). Let z be (2 - y)*-1*(-52)/(-78). What is m(z)?
15
Let m(y) = -y**3 + 13*y**2 - 13*y - 10. Suppose 2160 = h + 176*h + 36. What is m(h)?
-22
Let w(q) = -q + 0*q + 13 - 4. Let z(n) = n**2 - 53*n + 107. Let h(a) = -a**2 + 5*a + 507. Let t be h(-19). Let x be z(t). Calculate w(x).
4
Let l(i) = i - 5. Let d = -91 + 97. Let u = d + -3. Suppose 3*t = u*c + 15, -3*c + 0 + 3 = 0. Calculate l(t).
1
Suppose 5*r + 6*r = 33. Let j(i) = 28*i**2 + 27*i**2 + 35*i**2 + 8 - i**r + 2*i - 98*i**2. Determine j(-8).
-8
Let i = 3200 + -3195. Let y(b) = -2*b**2 - 5*b - 3. Give y(i).
-78
Let t(o) be the third derivative of 37*o**5/60 + o**4/24 - o**3/6 - 47*o**2. Suppose 24 = 14*r + 10*r. What is t(r)?
37
Let t be 3 + ((-4)/8)/((-1)/(-6)). Suppose 3*h = -t + 15. Suppose 2*f - l = -7, -f + 2*f + l + h = 0. Let n(d) = d**2 + 6*d - 1. What is n(f)?
-9
Let u(h) = -h**2 + 11*h - 13. Let m(c) = 7*c - 54. Let g(y) = 8*y - 23. Let r be g(4). Let d be m(r). Determine u(d).
5
Let y(a) = -13233*a**3 - 51*a**2 - 26*a + 17 + 13235*a**3 - 2. Determine y(26).
15
Let p(v) = -18*v + 44. Let z(w) = 2*w - 5. Let i(t) = -p(t) - 5*z(t). Determine i(5).
21
Let v = 7 + -14. Let s(a) = -9*a**2 + 51*a - 9. Let g(p) = -5*p**2 + 30*p - 6. Let j(m) = -7*g(m) + 4*s(m). Calculate j(v).
-1
Let b(x) = x**2 - 4*x - 5. Let c(z) = 74*z - 144. Let v be c(2). Give b(v).
-5
Suppose -23*b + 16 = -19*b. Let f(i) = -19 - 2*i - 5*i**2 - i + b*i + 4*i**2. Calculate f(0).
-19
Let n(q) = q**2 - 3*q. Let o be (-494)/(-7) - 39/(-91). Let a(l) = l**2 + 18*l + 6. Let f be a(-12). Let p = o + f. Determine n(p).
10
Let k(a) = a - 2. Suppose 34 = 2*y + 2*m, -4*y + 2*m + 44 = -2*m. Suppose 4*u + 7 = -9, 0 = 3*l + u - y. Suppose -1 = 5*g - l. Give k(g).
-1
Let v(z) = z**3 - 15*z**2 + 10*z - 21. Let t(y) = -221*y + 5981. Let k be t(27). Calculate v(k).
-77
Suppose 18*k = 27*k + 28*k - 407. Let j(p) = -2*p + 31. What is j(k)?
9
Let p(o) = -245*o + 9780. Let w be p(40). Let k(a) = 3*a**2 + 61*a + 36. Give k(w).
16
Let l(m) = -m**2 - 181*m - 55. Let v(f) = f**2 + 141*f + 54. Let j(t) = -4*l(t) - 5*v(t). What is j(23)?
-142
Let z be 1/((-5)/(-4)) + 27784/920. Suppose 0 = 3*h - 6*h - t + 97, 3*h = 2*t + 103. Suppose -2*s = -h + z. Let n(x) = -15*x**2 - 2*x + 1. What is n(s)?
-16
Suppose 14 = 7*j + 3 + 74. Let w(a) = -2*a**2 - 22*a - 16. What is w(j)?
20
Let q(b) = -5800*b + 2893*b + 2897*b + 52. Determine q(2).
32
Let i be (-36)/(-63) - 10/(-7). Let d(t) = t - 2. Let q(g) = -3*g + 5. Let h(j) = i*d(j) + q(j). Determine h(-5).
6
Let k(b) = -b**3 - 15*b**2 - b - 5. Let l be k(-15). Let d(t) = -3 - 1 - 28628*t - 17 + 57249*t - 28617*t. Give d(l).
19
Let l(h) = -h**3 + 6*h**2 + 11*h - 1. Let k(i) = i + 1. Let m(c) = 4*k(c) - l(c). Let b be 5 - 108/21 - (-4)/28. Suppose b = j - 11 + 4. What is m(j)?
5
Let w(f) = 2*f**2 - 12*f - 10. Let z = -746 - -752. Determine w(z).
-10
Let t(z) = 26*z**2 + 3*z + 3. Let d be t(-2). Let v = 99 - d. Let i(w) = -w**3 - 2*w**2 - w - 1. Give i(v).
1
Let i(g) = 5*g - 17. Let u be i(7). Suppose 2*s = -2*j + u, 0*s + 4*s = -j + 36. Let r(z) = 13 + z - 5 - s. Give r(-9).
-10
Let o be (-6)/(-4) + 0 + 3/6. Suppose -o*g = 2*g + 12. Let h(j) = j**3 + 4*j**2 + j + 1. Calculate h(g).
7
Suppose 0 = 79*i - 383 + 318 - 488. Let f(m) be the third derivative of m**4/24 + m**3/2 - 2*m**2. Calculate f(i).
10
Let a(c) = -230*c**2 - 28*c - 212. Let i(f) = 134*f**2 + 17*f + 127. Let r(n) = -7*a(n) - 12*i(n). Give r(7).
2
Let h = 51 + 64. Let f = h + -104. Let g(u) = 8*u**2 + 10*u**3 - f*u**2 + u + 3*u**2 + 1. Determine g(-1).
-10
Let y(i) be the first derivative of 5*i**2 + 94*i - 78. Let o be y(-10). Let d(w) = -w**3 - 5*w**2 + 5*w - 3. What is d(o)?
3
Let t(f) = 10*f**2 + 2*f + 2. Let z(j) = 13*j**2 + 2*j + 3. Let s(a) = 3*t(a) - 2*z(a). Determine s(1).
6
Let d(b) = 3*b - 14. Let g = 86 + -89. Let x(z) = 5. Let j(p) = g*d(p) - 8*x(p). What is j(-1)?
11
Let c(r) = 4*r + 18. Let o be c(-4). Suppose -2*m + 2 = -o. Let u(b) = -b. Let q(d) = -d**3 + 4*d**2 - 5*d + 3. Let x(z) = -q(z) + 2*u(z). What is x(m)?
-5
Let v be (-308)/(-33)*78/91. Let c(b) = -6 + b - 11 + 6 + 0*b. What is c(v)?
-3
Let u(a) = -3*a**2 - 146*a + 56. Let y(k) = -2*k**3 - 20*k**2 + 25*k - 16. Let n be y(-11). What is u(n)?
7
Suppose -12 = -2*d - 2*k, -4*d + 286*k = 287*k - 15. Let q(n) = -27*n + 82. What is q(d)?
1
Let v(d) = d**3 - 15*d**2 + d - 20. Let r be v(15). Let q be ((-4)/(-8))/(r/(-20)). Let j(p) = 5 - 52*p**2 + p**3 + 4*p + 46*p**2 - q*p**3. What is j(-6)?
-19
Let c(w) = 19*w**2 - 2*w + 1. Suppose 94 - 30 = -5*s - t, -3*t = -2*s - 12. Let x be s/54 - (22/9)/(-2). Determine c(x).
18
Let b(h) = 6. Let d(g) = 5*g + 8. Let z(l) = 4*l + 6. Let k(r) = 5*d(r) - 6*z(r). Let v(u) = 4*b(u) - 5*k(u). What is v(3)?
-11
Let l(f) be the second derivative of 0 + 289*f + 1/2*f**2 - 1/3*f**3 - 1/6*f**4. Give l(-2).
-3
Let j(a) = 1062*a**3 - 529*a**3 - 532*a**3 - 2*a - 26 + 29*a**2 + 56*a. Determine j(-27).
-26
Suppose 12 = f - 5*u, 12*f + 5*u = 7*f + 60. Suppose m = 3*z - 3 - 2, 5*m = z - 25. Suppose s + s + f = z. Let q(d) = d**3 + 6*d**2 + 3*d + 9. Calculate q(s).
-9
Let r = 5 + -2. Suppose -x + 3*q + 15 = -r*x, 5*x = -3*q - 24. Let j(m) be the second derivative of -m**3/6 - m**2 + 12205*m. What is j(x)?
1
Suppose 3*r - 16 = 2*b, 63*b = 61*b - 4. Let j(m) be the third derivative of m**5/60 + m**4/24 - 5*m**3/6 + 4*m**2 - 26*m. What is j(r)?
15
Let r = 1 + -8. Let l(v) be the third derivative of -v**4/24 - v**3/3 + 39*v**2 - 5*v. Determine l(r).
5
Let b = 18 + -28. Let w(o) be the first derivative of -o**3/6 - 7*o**2 + 110*o + 48. Let v(k) be the first derivative of w(k). Give v(b).
-4
Let w(c) = -8*c**2 + 27*c + 3. Let v = -2232 + 2236. Determine w(v).
-17
Let q(c) be the second derivative of -c**4/4 + 5*c**3/2 - 15*c**2/2 - 1972*c. Determine q(5).
-15
Suppose -5*o - 4*r = r - 35, 5*r = 10. Suppose -o = 4*x + 7. Let g(u) = -2*u**2 - 4*u. Calculate g(x).
-6
Let g(o) = o**2 + o - 1. Let z(u) = u**3 - 13*u**2 + 4*u - 3. Let n(f) = 4*g(f) + z(f). Let j = -15384 + 15392. What is n(j)?
-7
Let g(v) = 3 - 4 - 10*v**2 + 6*v - 15*v - v**3. Suppose 0 = 2*a + 4*u - 167 - 853, 507 = a + u. Let q = a - 513. What is g(q)?
-1
Let o(f) = f**2 + 16*f - 1615. Let y be o(33). Let v(h) = 28*h - 1. What is v(y)?
55
Let i(c) = -2*c + 2. Let b be i(-5). Let o(h) = -1 - 13*h**2 + h + b - 2*h**3 + 7*h**3 - 6*h**3. What is o(-13)?
-2
Let d(i) = i - 10. Suppose -41*z = -113*z + 288. What is d(z)?
-6
Let c = -1 + 2. Let m(g) = 38*g**2 - 65*g + 208. Let s be m(3). Let u(k) = -1 - 13*k**3 + s*k - k**2 - 185*k - 168*k. Give u(c).
-13
Let a(i) be the third derivative of -2*i**5/15 - 5*i**4/4 + 5*i**3/6 + 2504*i**2. Determine a(-4).
-3
Let a(y) = -y**2 - 5*y + 3. Let p(r) = -r**2 + 7*r - 2. Let f be p(15). Let k(t) = 117*t**3 - 2*t**2 - 3*t - 1. Let n be k(-1). Let v = f - n. Give a(v).
3
Let k be 2 + (-64)/34 - 128/(-68). Let r(d) = 6*d**2 - k*d**3 + 109 - 105 